[INFO] fetching crate ambient_physics 0.2.1...
[INFO] checking ambient_physics-0.2.1 against master#9610dfe5a9a731ced1ea4923ecbd0c57fe367898 for beta-170-4
[INFO] extracting crate ambient_physics 0.2.1 into /workspace/builds/worker-3-tc1/source
[INFO] validating manifest of crates.io crate ambient_physics 0.2.1 on toolchain 9610dfe5a9a731ced1ea4923ecbd0c57fe367898
[INFO] running `Command { std: CARGO_HOME="/workspace/cargo-home" RUSTUP_HOME="/workspace/rustup-home" "/workspace/cargo-home/bin/cargo" "+9610dfe5a9a731ced1ea4923ecbd0c57fe367898" "metadata" "--manifest-path" "Cargo.toml" "--no-deps", kill_on_drop: false }`
[INFO] started tweaking crates.io crate ambient_physics 0.2.1
[INFO] finished tweaking crates.io crate ambient_physics 0.2.1
[INFO] tweaked toml for crates.io crate ambient_physics 0.2.1 written to /workspace/builds/worker-3-tc1/source/Cargo.toml
[INFO] crate crates.io crate ambient_physics 0.2.1 already has a lockfile, it will not be regenerated
[INFO] running `Command { std: CARGO_HOME="/workspace/cargo-home" RUSTUP_HOME="/workspace/rustup-home" "/workspace/cargo-home/bin/cargo" "+9610dfe5a9a731ced1ea4923ecbd0c57fe367898" "fetch" "--manifest-path" "Cargo.toml", kill_on_drop: false }`
[INFO] [stderr]     Updating crates.io index
[INFO] [stderr]  Downloading crates ...
[INFO] [stderr]   Downloaded tracing v0.1.38
[INFO] [stderr]   Downloaded gloo-net v0.2.6
[INFO] [stderr]   Downloaded ambient_primitives v0.2.1
[INFO] [stderr]   Downloaded ambient_asset_cache v0.2.1
[INFO] [stderr]   Downloaded serde-wasm-bindgen v0.4.5
[INFO] [stderr]   Downloaded ambient_friendly_id v0.2.1
[INFO] [stderr]   Downloaded ambient_profiling v1.0.9
[INFO] [stderr]   Downloaded gloo-history v0.1.3
[INFO] [stderr]   Downloaded tiny-skia v0.8.4
[INFO] [stderr]   Downloaded owned_ttf_parser v0.19.0
[INFO] [stderr]   Downloaded ambient_editor_derive v0.2.1
[INFO] [stderr]   Downloaded ambient_rpc v0.2.1
[INFO] [stderr]   Downloaded manual_future v0.1.1
[INFO] [stderr]   Downloaded atomic_refcell v0.1.10
[INFO] [stderr]   Downloaded wgpu-types v0.16.0
[INFO] [stderr]   Downloaded wgpu-hal v0.16.0
[INFO] [stderr]   Downloaded ambient_animation v0.2.1
[INFO] [stderr]   Downloaded ambient_model v0.2.1
[INFO] [stderr]   Downloaded ambient_element_component v0.2.1
[INFO] [stderr]   Downloaded ambient_gizmos v0.2.1
[INFO] [stderr]   Downloaded glyph_brush v0.7.7
[INFO] [stderr]   Downloaded zune-inflate v0.2.53
[INFO] [stderr]   Downloaded ttf-parser v0.19.0
[INFO] [stderr]   Downloaded ambient_element v0.2.1
[INFO] [stderr]   Downloaded ambient_network v0.2.1
[INFO] [stderr]   Downloaded ambient_project v0.2.1
[INFO] [stderr]   Downloaded ambient_ui v0.2.1
[INFO] [stderr]   Downloaded ambient_project_macro v0.2.1
[INFO] [stderr]   Downloaded thread-priority v0.10.0
[INFO] [stderr]   Downloaded ambient_time v0.2.1
[INFO] [stderr]   Downloaded ambient_sys v0.2.1
[INFO] [stderr]   Downloaded naga v0.12.0
[INFO] [stderr]   Downloaded ambient_profiling_procmacros v1.0.9
[INFO] [stderr]   Downloaded quinn-udp v0.3.2
[INFO] [stderr]   Downloaded ambient_rect v0.2.1
[INFO] [stderr]   Downloaded ordered-float v3.7.0
[INFO] [stderr]   Downloaded ambient_project_rt v0.2.1
[INFO] [stderr]   Downloaded physx-sys v0.8.2
[INFO] [stderr]   Downloaded ambient_math v0.2.1
[INFO] [stderr]   Downloaded debugid v0.8.0
[INFO] [stderr]   Downloaded widestring v1.0.2
[INFO] [stderr]   Downloaded wgpu-core v0.16.0
[INFO] [stderr]   Downloaded gloo v0.8.0
[INFO] [stderr]   Downloaded ambient_text v0.2.1
[INFO] [stderr]   Downloaded ambient_schema v0.2.1
[INFO] [stderr]   Downloaded ambient_renderer v0.2.1
[INFO] [stderr]   Downloaded ambient_core v0.2.1
[INFO] [stderr]   Downloaded ambient_meshes v0.2.1
[INFO] [stderr]   Downloaded sentry-core v0.27.0
[INFO] [stderr]   Downloaded renderdoc-sys v1.0.0
[INFO] [stderr]   Downloaded bitflags v2.2.1
[INFO] [stderr]   Downloaded physxx v0.2.1
[INFO] [stderr]   Downloaded tiny-skia-path v0.8.4
[INFO] [stderr]   Downloaded puffin v0.14.3
[INFO] [stderr]   Downloaded ambient_proxy v0.2.6
[INFO] [stderr]   Downloaded quinn v0.9.3
[INFO] [stderr]   Downloaded ambient_cb v0.2.1
[INFO] [stderr]   Downloaded ambient_cameras v0.2.1
[INFO] [stderr]   Downloaded ambient_app v0.2.1
[INFO] [stderr]   Downloaded ambient_project_macro_common v0.2.1
[INFO] [stderr]   Downloaded ambient_color v0.2.1
[INFO] [stderr]   Downloaded gloo-storage v0.2.2
[INFO] [stderr]   Downloaded gloo-console v0.2.3
[INFO] [stderr]   Downloaded gloo-utils v0.1.6
[INFO] [stderr]   Downloaded gloo-worker v0.2.1
[INFO] [stderr]   Downloaded relative-path v1.8.0
[INFO] [stderr]   Downloaded sentry-backtrace v0.27.0
[INFO] [stderr]   Downloaded sentry-types v0.27.0
[INFO] [stderr]   Downloaded sentry-anyhow v0.27.0
[INFO] [stderr]   Downloaded hassle-rs v0.10.0
[INFO] [stderr]   Downloaded ambient_std v0.2.1
[INFO] [stderr]   Downloaded wgpu v0.16.0
[INFO] [stderr]   Downloaded as-any v0.2.1
[INFO] [stderr]   Downloaded closure v0.3.0
[INFO] [stderr]   Downloaded ambient_ui_native v0.2.1
[INFO] [stderr]   Downloaded ambient_input v0.2.1
[INFO] [stderr]   Downloaded ambient_layout v0.2.1
[INFO] [stderr]   Downloaded ambient_guest_bridge v0.2.1
[INFO] [stderr]   Downloaded ambient_shared_types v0.2.1
[INFO] [stderr]   Downloaded yaml-rust-davvid v0.5.1
[INFO] [stderr]   Downloaded ambient_ecs v0.2.1
[INFO] [stderr]   Downloaded matrixmultiply v0.3.3
[INFO] [stderr]   Downloaded ab_glyph v0.2.21
[INFO] [stderr]   Downloaded ambient_gpu v0.2.1
[INFO] running `Command { std: "docker" "create" "-v" "/var/lib/crater-agent-workspace/builds/worker-3-tc1/target:/opt/rustwide/target:rw,Z" "-v" "/var/lib/crater-agent-workspace/builds/worker-3-tc1/source:/opt/rustwide/workdir:ro,Z" "-v" "/var/lib/crater-agent-workspace/cargo-home:/opt/rustwide/cargo-home:ro,Z" "-v" "/var/lib/crater-agent-workspace/rustup-home:/opt/rustwide/rustup-home:ro,Z" "-e" "SOURCE_DIR=/opt/rustwide/workdir" "-e" "CARGO_TARGET_DIR=/opt/rustwide/target" "-e" "CARGO_HOME=/opt/rustwide/cargo-home" "-e" "RUSTUP_HOME=/opt/rustwide/rustup-home" "-w" "/opt/rustwide/workdir" "-m" "1610612736" "--user" "0:0" "--network" "none" "ghcr.io/rust-lang/crates-build-env/linux@sha256:19e73879b68f455e41552ea35293514db52ea292d993f571636dbffedb77a1ee" "/opt/rustwide/cargo-home/bin/cargo" "+9610dfe5a9a731ced1ea4923ecbd0c57fe367898" "metadata" "--no-deps" "--format-version=1", kill_on_drop: false }`
[INFO] [stdout] 749de2b0c835a42b232848fc1b1e197fa2dee343795f0ed673a45c85ce1c58f9
[INFO] running `Command { std: "docker" "start" "-a" "749de2b0c835a42b232848fc1b1e197fa2dee343795f0ed673a45c85ce1c58f9", kill_on_drop: false }`
[INFO] running `Command { std: "docker" "inspect" "749de2b0c835a42b232848fc1b1e197fa2dee343795f0ed673a45c85ce1c58f9", kill_on_drop: false }`
[INFO] running `Command { std: "docker" "rm" "-f" "749de2b0c835a42b232848fc1b1e197fa2dee343795f0ed673a45c85ce1c58f9", kill_on_drop: false }`
[INFO] [stdout] 749de2b0c835a42b232848fc1b1e197fa2dee343795f0ed673a45c85ce1c58f9
[INFO] running `Command { std: "docker" "create" "-v" "/var/lib/crater-agent-workspace/builds/worker-3-tc1/target:/opt/rustwide/target:rw,Z" "-v" "/var/lib/crater-agent-workspace/builds/worker-3-tc1/source:/opt/rustwide/workdir:ro,Z" "-v" "/var/lib/crater-agent-workspace/cargo-home:/opt/rustwide/cargo-home:ro,Z" "-v" "/var/lib/crater-agent-workspace/rustup-home:/opt/rustwide/rustup-home:ro,Z" "-e" "SOURCE_DIR=/opt/rustwide/workdir" "-e" "CARGO_TARGET_DIR=/opt/rustwide/target" "-e" "CARGO_INCREMENTAL=0" "-e" "RUST_BACKTRACE=full" "-e" "RUSTFLAGS=--cap-lints=forbid" "-e" "RUSTDOCFLAGS=--cap-lints=forbid" "-e" "CARGO_HOME=/opt/rustwide/cargo-home" "-e" "RUSTUP_HOME=/opt/rustwide/rustup-home" "-w" "/opt/rustwide/workdir" "-m" "1610612736" "--user" "0:0" "--network" "none" "ghcr.io/rust-lang/crates-build-env/linux@sha256:19e73879b68f455e41552ea35293514db52ea292d993f571636dbffedb77a1ee" "/opt/rustwide/cargo-home/bin/cargo" "+9610dfe5a9a731ced1ea4923ecbd0c57fe367898" "check" "--frozen" "--all" "--all-targets" "--message-format=json", kill_on_drop: false }`
[INFO] [stdout] 059077e324cfd6043e22ce28348b1db94b4d4dc4e56130df9e1835431bc14f50
[INFO] running `Command { std: "docker" "start" "-a" "059077e324cfd6043e22ce28348b1db94b4d4dc4e56130df9e1835431bc14f50", kill_on_drop: false }`
[INFO] [stderr]    Compiling libc v0.2.142
[INFO] [stderr]    Compiling serde_derive v1.0.160
[INFO] [stderr]    Compiling serde v1.0.160
[INFO] [stderr]    Compiling syn v2.0.15
[INFO] [stderr]     Checking smallvec v1.10.0
[INFO] [stderr]    Compiling lock_api v0.4.9
[INFO] [stderr]    Compiling num-traits v0.2.15
[INFO] [stderr]    Compiling futures-core v0.3.28
[INFO] [stderr]    Compiling ahash v0.7.6
[INFO] [stderr]     Checking adler v1.0.2
[INFO] [stderr]     Checking miniz_oxide v0.6.2
[INFO] [stderr]     Checking libloading v0.7.4
[INFO] [stderr]    Compiling indexmap v1.9.3
[INFO] [stderr]    Compiling memoffset v0.6.5
[INFO] [stderr]    Compiling futures-channel v0.3.28
[INFO] [stderr]    Compiling futures-task v0.3.28
[INFO] [stderr]    Compiling tokio v1.28.0
[INFO] [stderr]     Checking futures-io v0.3.28
[INFO] [stderr]    Compiling jobserver v0.1.26
[INFO] [stderr]    Compiling futures-util v0.3.28
[INFO] [stderr]    Compiling xml-rs v0.8.4
[INFO] [stderr]    Compiling cc v1.0.79
[INFO] [stderr]    Compiling crossbeam-utils v0.8.15
[INFO] [stderr]    Compiling memoffset v0.8.0
[INFO] [stderr]    Compiling crc32fast v1.3.2
[INFO] [stderr]    Compiling crossbeam-epoch v0.9.14
[INFO] [stderr]     Checking getrandom v0.2.9
[INFO] [stderr]     Checking num_cpus v1.15.0
[INFO] [stderr]     Checking parking_lot_core v0.9.7
[INFO] [stderr]     Checking mio v0.8.6
[INFO] [stderr]     Checking socket2 v0.4.9
[INFO] [stderr]    Compiling wayland-scanner v0.29.5
[INFO] [stderr]     Checking signal-hook-registry v1.4.1
[INFO] [stderr]     Checking hashbrown v0.12.3
[INFO] [stderr]     Checking nix v0.24.3
[INFO] [stderr]    Compiling once_cell v1.17.1
[INFO] [stderr]     Checking either v1.8.1
[INFO] [stderr]     Checking simd-adler32 v0.3.5
[INFO] [stderr]    Compiling wayland-sys v0.29.5
[INFO] [stderr]    Compiling slotmap v1.0.6
[INFO] [stderr]    Compiling ring v0.16.20
[INFO] [stderr]    Compiling backtrace v0.3.67
[INFO] [stderr]    Compiling wasm-bindgen-shared v0.2.84
[INFO] [stderr]    Compiling anyhow v1.0.70
[INFO] [stderr]    Compiling rustls v0.20.8
[INFO] [stderr]     Checking flate2 v1.0.25
[INFO] [stderr]     Checking dlib v0.5.0
[INFO] [stderr]    Compiling pin-project-internal v1.0.12
[INFO] [stderr]    Compiling num-integer v0.1.45
[INFO] [stderr]     Checking arrayvec v0.7.2
[INFO] [stderr]    Compiling serde_json v1.0.96
[INFO] [stderr]    Compiling rayon-core v1.11.0
[INFO] [stderr]     Checking crossbeam-deque v0.8.3
[INFO] [stderr]    Compiling wayland-client v0.29.5
[INFO] [stderr]     Checking crossbeam-channel v0.5.8
[INFO] [stderr]     Checking nanorand v0.7.0
[INFO] [stderr]    Compiling log v0.4.17
[INFO] [stderr]     Checking ttf-parser v0.19.0
[INFO] [stderr]     Checking gimli v0.27.2
[INFO] [stderr]    Compiling bumpalo v3.12.1
[INFO] [stderr]     Checking time-core v0.1.0
[INFO] [stderr]     Checking time v0.3.20
[INFO] [stderr]    Compiling wasm-bindgen-backend v0.2.84
[INFO] [stderr]     Checking wayland-commons v0.29.5
[INFO] [stderr]     Checking pin-project v1.0.12
[INFO] [stderr]     Checking owned_ttf_parser v0.19.0
[INFO] [stderr]     Checking miniz_oxide v0.7.1
[INFO] [stderr]     Checking fdeflate v0.3.0
[INFO] [stderr]     Checking object v0.30.3
[INFO] [stderr]    Compiling khronos-egl v4.1.0
[INFO] [stderr]     Checking addr2line v0.19.0
[INFO] [stderr]    Compiling thiserror-impl v1.0.40
[INFO] [stderr]    Compiling bytemuck_derive v1.4.1
[INFO] [stderr]    Compiling tracing-attributes v0.1.24
[INFO] [stderr]    Compiling futures-macro v0.3.28
[INFO] [stderr]    Compiling tokio-macros v2.1.0
[INFO] [stderr]     Checking webpki v0.22.0
[INFO] [stderr]     Checking sct v0.7.0
[INFO] [stderr]     Checking bytemuck v1.13.1
[INFO] [stderr]    Compiling ash v0.37.2+1.3.238
[INFO] [stderr]     Checking ab_glyph_rasterizer v0.1.8
[INFO] [stderr]     Checking termcolor v1.1.3
[INFO] [stderr]     Checking downcast-rs v1.2.0
[INFO] [stderr]     Checking thiserror v1.0.40
[INFO] [stderr]     Checking unicode-width v0.1.10
[INFO] [stderr]     Checking rustc-demangle v0.1.23
[INFO] [stderr]     Checking scoped-tls v1.0.1
[INFO] [stderr]     Checking raw-window-handle v0.5.2
[INFO] [stderr]     Checking bit-vec v0.6.3
[INFO] [stderr]     Checking tracing v0.1.38
[INFO] [stderr]     Checking codespan-reporting v0.11.1
[INFO] [stderr]     Checking bit-set v0.5.3
[INFO] [stderr]     Checking ab_glyph v0.2.21
[INFO] [stderr]     Checking png v0.17.8
[INFO] [stderr]    Compiling wasm-bindgen-macro-support v0.2.84
[INFO] [stderr]    Compiling wayland-protocols v0.29.5
[INFO] [stderr]     Checking spirv v0.2.0+1.5.4
[INFO] [stderr]     Checking gpu-alloc-types v0.2.0
[INFO] [stderr]     Checking gpu-descriptor-types v0.1.1
[INFO] [stderr]    Compiling wasm-bindgen v0.2.84
[INFO] [stderr]     Checking bitflags v2.2.1
[INFO] [stderr]     Checking hex v0.4.3
[INFO] [stderr]     Checking unicode-xid v0.2.4
[INFO] [stderr]    Compiling memchr v2.5.0
[INFO] [stderr]    Compiling winnow v0.4.1
[INFO] [stderr]     Checking hexf-parse v0.2.1
[INFO] [stderr]     Checking wgpu-types v0.16.0
[INFO] [stderr]     Checking gpu-descriptor v0.2.3
[INFO] [stderr]     Checking gpu-alloc v0.5.3
[INFO] [stderr]     Checking xcursor v0.3.4
[INFO] [stderr]    Compiling wasm-bindgen-macro v0.2.84
[INFO] [stderr]     Checking futures-executor v0.3.28
[INFO] [stderr]     Checking futures v0.3.28
[INFO] [stderr]     Checking rayon v1.7.0
[INFO] [stderr]     Checking nix v0.25.1
[INFO] [stderr]    Compiling smithay-client-toolkit v0.16.0
[INFO] [stderr]     Checking libloading v0.8.0
[INFO] [stderr]     Checking instant v0.1.12
[INFO] [stderr]     Checking arrayref v0.3.7
[INFO] [stderr]     Checking strict-num v0.1.0
[INFO] [stderr]     Checking profiling v1.0.8
[INFO] [stderr]     Checking renderdoc-sys v1.0.0
[INFO] [stderr]     Checking static_assertions v1.1.0
[INFO] [stderr]     Checking glow v0.12.1
[INFO] [stderr]     Checking vec_map v0.8.2
[INFO] [stderr]     Checking tiny-skia-path v0.8.4
[INFO] [stderr]     Checking calloop v0.10.5
[INFO] [stderr]     Checking wayland-cursor v0.29.5
[INFO] [stderr]     Checking memmap2 v0.5.10
[INFO] [stderr]    Compiling x11-dl v2.21.0
[INFO] [stderr]     Checking regex-syntax v0.7.1
[INFO] [stderr]    Compiling cfg_aliases v0.1.1
[INFO] [stderr]    Compiling convert_case v0.4.0
[INFO] [stderr]    Compiling async-trait v0.1.68
[INFO] [stderr]    Compiling winit v0.28.3
[INFO] [stderr]     Checking rand_core v0.6.4
[INFO] [stderr]     Checking rand_chacha v0.3.1
[INFO] [stderr]     Checking parking_lot v0.12.1
[INFO] [stderr]     Checking rand v0.8.5
[INFO] [stderr]     Checking spin v0.9.8
[INFO] [stderr]     Checking flume v0.10.14
[INFO] [stderr]     Checking uuid v1.3.1
[INFO] [stderr]     Checking url v2.3.1
[INFO] [stderr]    Compiling toml_datetime v0.6.1
[INFO] [stderr]    Compiling serde_spanned v0.6.1
[INFO] [stderr]    Compiling toml_edit v0.19.8
[INFO] [stderr]     Checking glam v0.22.0
[INFO] [stderr]     Checking debugid v0.8.0
[INFO] [stderr]     Checking naga v0.12.0
[INFO] [stderr]     Checking ordered-float v3.7.0
[INFO] [stderr]     Checking sentry-types v0.27.0
[INFO] [stderr]     Checking regex v1.8.1
[INFO] [stderr]     Checking bincode v1.3.3
[INFO] [stderr]    Compiling derive_more v0.99.17
[INFO] [stderr]     Checking serde_urlencoded v0.7.1
[INFO] [stderr]     Checking sentry-core v0.27.0
[INFO] [stderr]     Checking tokio-util v0.7.8
[INFO] [stderr]     Checking tokio-rustls v0.23.4
[INFO] [stderr]     Checking console_error_panic_hook v0.1.7
[INFO] [stderr]     Checking tiny-skia v0.8.4
[INFO] [stderr]     Checking webpki-roots v0.22.6
[INFO] [stderr]     Checking itertools v0.10.5
[INFO] [stderr]     Checking h2 v0.3.18
[INFO] [stderr]     Checking wgpu-hal v0.16.0
[INFO] [stderr]    Compiling num-rational v0.4.1
[INFO] [stderr]    Compiling rustversion v1.0.12
[INFO] [stderr]     Checking weezl v0.1.7
[INFO] [stderr]     Checking as-any v0.2.1
[INFO] [stderr]     Checking sctk-adwaita v0.5.4
[INFO] [stderr]     Checking chrono v0.4.24
[INFO] [stderr]     Checking sentry-backtrace v0.27.0
[INFO] [stderr]     Checking wgpu-core v0.16.0
[INFO] [stderr]     Checking ambient_sys v0.2.1
[INFO] [stderr]     Checking jpeg-decoder v0.3.0
[INFO] [stderr]     Checking puffin v0.14.3
[INFO] [stderr]     Checking zune-inflate v0.2.53
[INFO] [stderr]     Checking hyper v0.14.26
[INFO] [stderr]    Compiling ambient_profiling_procmacros v1.0.9
[INFO] [stderr]     Checking bit_field v0.10.2
[INFO] [stderr]     Checking half v2.2.1
[INFO] [stderr]     Checking lebe v0.5.2
[INFO] [stderr]     Checking color_quant v1.1.0
[INFO] [stderr]     Checking ambient_asset_cache v0.2.1
[INFO] [stderr]     Checking exr v1.6.3
[INFO] [stderr]     Checking gif v0.12.0
[INFO] [stderr]     Checking ambient_profiling v1.0.9
[INFO] [stderr]     Checking convert_case v0.6.0
[INFO] [stderr]     Checking tiff v0.8.1
[INFO] [stderr]     Checking toml v0.7.3
[INFO] [stderr]     Checking sentry-anyhow v0.27.0
[INFO] [stderr]     Checking ambient_math v0.2.1
[INFO] [stderr]     Checking ambient_friendly_id v0.2.1
[INFO] [stderr]     Checking relative-path v1.8.0
[INFO] [stderr]     Checking qoi v0.4.1
[INFO] [stderr]     Checking data-encoding v2.3.3
[INFO] [stderr]     Checking ambient_cb v0.2.1
[INFO] [stderr]     Checking rawpointer v0.2.1
[INFO] [stderr]     Checking linked-hash-map v0.5.6
[INFO] [stderr]    Compiling strum_macros v0.24.3
[INFO] [stderr]     Checking matrixmultiply v0.3.3
[INFO] [stderr]    Compiling ambient_project v0.2.1
[INFO] [stderr]     Checking num-complex v0.4.3
[INFO] [stderr]    Compiling erased-serde v0.3.25
[INFO] [stderr]     Checking wgpu v0.16.0
[INFO] [stderr]     Checking image v0.24.6
[INFO] [stderr]    Compiling paste v1.0.12
[INFO] [stderr]     Checking ndarray v0.15.6
[INFO] [stderr]     Checking hyper-rustls v0.23.2
[INFO] [stderr]     Checking reqwest v0.11.16
[INFO] [stderr]    Compiling ambient_project_macro_common v0.2.1
[INFO] [stderr]    Compiling ambient_schema v0.2.1
[INFO] [stderr]     Checking unsafe-libyaml v0.2.8
[INFO] [stderr]     Checking strum v0.24.1
[INFO] [stderr]     Checking ambient_shared_types v0.2.1
[INFO] [stderr]     Checking ambient_color v0.2.1
[INFO] [stderr]     Checking ambient_std v0.2.1
[INFO] [stderr]     Checking yaml-rust-davvid v0.5.1
[INFO] [stderr]     Checking serde_yaml v0.9.21
[INFO] [stderr]     Checking ambient_project_rt v0.2.1
[INFO] [stderr]     Checking atomic_refcell v0.1.10
[INFO] [stderr]     Checking approx v0.5.1
[INFO] [stderr]     Checking xi-unicode v0.3.0
[INFO] [stderr]     Checking glyph_brush_draw_cache v0.1.5
[INFO] [stderr]     Checking twox-hash v1.6.3
[INFO] [stderr]     Checking x11rb-protocol v0.10.0
[INFO] [stderr]     Checking glyph_brush_layout v0.2.3
[INFO] [stderr]    Compiling ambient_project_macro v0.2.1
[INFO] [stderr]     Checking gethostname v0.2.3
[INFO] [stderr]    Compiling proc-macro-crate v1.3.1
[INFO] [stderr]     Checking glyph_brush v0.7.7
[INFO] [stderr]    Compiling dyn-clonable-impl v0.9.0
[INFO] [stderr]     Checking dyn-clone v1.0.11
[INFO] [stderr]    Compiling derivative v2.2.0
[INFO] [stderr]    Compiling unicode-segmentation v1.10.1
[INFO] [stderr]    Compiling yansi v0.5.1
[INFO] [stderr]     Checking ambient_gpu v0.2.1
[INFO] [stderr]    Compiling diff v0.1.13
[INFO] [stderr]     Checking dyn-clonable v0.9.0
[INFO] [stderr]    Compiling pretty_assertions v1.3.0
[INFO] [stderr]     Checking ambient_time v0.2.1
[INFO] [stderr]     Checking ambient_ecs v0.2.1
[INFO] [stderr]     Checking closure v0.3.0
[INFO] [stderr]     Checking quinn-proto v0.9.3
[INFO] [stderr]     Checking dashmap v5.4.0
[INFO] [stderr]    Compiling ambient_element_component v0.2.1
[INFO] [stderr]    Compiling physx-sys v0.8.2
[INFO] [stderr]    Compiling ambient_editor_derive v0.2.1
[INFO] [stderr]     Checking ambient_meshes v0.2.1
[INFO] [stderr]     Checking thread-priority v0.10.0
[INFO] [stderr]     Checking atty v0.2.14
[INFO] [stderr]    Compiling enumflags2_derive v0.6.4
[INFO] [stderr]     Checking colored v2.0.0
[INFO] [stderr]     Checking ambient_rpc v0.2.1
[INFO] [stderr]     Checking manual_future v0.1.1
[INFO] [stderr]    Compiling num-derive v0.3.3
[INFO] [stderr]     Checking enumflags2 v0.6.4
[INFO] [stderr]     Checking quinn-udp v0.3.2
[INFO] [stderr]     Checking quinn v0.9.3
[INFO] [stderr]     Checking x11rb v0.10.1
[INFO] [stderr]     Checking ambient_core v0.2.1
[INFO] [stderr]     Checking ambient_proxy v0.2.6
[INFO] [stderr]     Checking arboard v3.2.0
[INFO] [stderr]     Checking ambient_input v0.2.1
[INFO] [stderr]     Checking ambient_renderer v0.2.1
[INFO] [stderr]     Checking ambient_layout v0.2.1
[INFO] [stderr]     Checking ambient_text v0.2.1
[INFO] [stderr]     Checking ambient_rect v0.2.1
[INFO] [stderr]     Checking ambient_gizmos v0.2.1
[INFO] [stderr]     Checking ambient_guest_bridge v0.2.1
[INFO] [stderr]     Checking ambient_element v0.2.1
[INFO] [stderr]     Checking ambient_ui v0.2.1
[INFO] [stderr]     Checking ambient_cameras v0.2.1
[INFO] [stderr]     Checking ambient_primitives v0.2.1
[INFO] [stderr]     Checking ambient_ui_native v0.2.1
[INFO] [stderr]     Checking ambient_model v0.2.1
[INFO] [stderr]     Checking ambient_animation v0.2.1
[INFO] [stderr]     Checking ambient_app v0.2.1
[INFO] [stderr]     Checking ambient_network v0.2.1
[INFO] [stderr]     Checking physxx v0.2.1
[INFO] [stderr]     Checking ambient_physics v0.2.1 (/opt/rustwide/workdir)
[INFO] [stdout] warning: private item shadows public glob re-export
[INFO] [stdout]   --> src/collider.rs:35:30
[INFO] [stdout]    |
[INFO] [stdout] 35 |     main_controller_manager, make_physics_static,
[INFO] [stdout]    |                              ^^^^^^^^^^^^^^^^^^^ but the private item here shadows it
[INFO] [stdout] ...
[INFO] [stdout] 44 | pub use ambient_ecs::generated::components::core::physics::*;
[INFO] [stdout]    |         ---------------------------------------------------- the name `make_physics_static` in the value namespace is supposed to be publicly re-exported here
[INFO] [stdout]    |
[INFO] [stdout]    = note: `#[warn(hidden_glob_reexports)]` on by default
[INFO] [stdout] 
[INFO] [stdout] 
[INFO] [stdout] warning: private item shadows public glob re-export
[INFO] [stdout]   --> src/collider.rs:38:9
[INFO] [stdout]    |
[INFO] [stdout] 38 |         angular_velocity, character_controller, contact_offset, linear_velocity, physics,
[INFO] [stdout]    |         ^^^^^^^^^^^^^^^^ but the private item here shadows it
[INFO] [stdout] ...
[INFO] [stdout] 44 | pub use ambient_ecs::generated::components::core::physics::*;
[INFO] [stdout]    |         ---------------------------------------------------- the name `angular_velocity` in the value namespace is supposed to be publicly re-exported here
[INFO] [stdout] 
[INFO] [stdout] 
[INFO] [stdout] warning: private item shadows public glob re-export
[INFO] [stdout]   --> src/collider.rs:38:49
[INFO] [stdout]    |
[INFO] [stdout] 38 |         angular_velocity, character_controller, contact_offset, linear_velocity, physics,
[INFO] [stdout]    |                                                 ^^^^^^^^^^^^^^ but the private item here shadows it
[INFO] [stdout] ...
[INFO] [stdout] 44 | pub use ambient_ecs::generated::components::core::physics::*;
[INFO] [stdout]    |         ---------------------------------------------------- the name `contact_offset` in the value namespace is supposed to be publicly re-exported here
[INFO] [stdout] 
[INFO] [stdout] 
[INFO] [stdout] warning: private item shadows public glob re-export
[INFO] [stdout]   --> src/collider.rs:38:65
[INFO] [stdout]    |
[INFO] [stdout] 38 |         angular_velocity, character_controller, contact_offset, linear_velocity, physics,
[INFO] [stdout]    |                                                                 ^^^^^^^^^^^^^^^ but the private item here shadows it
[INFO] [stdout] ...
[INFO] [stdout] 44 | pub use ambient_ecs::generated::components::core::physics::*;
[INFO] [stdout]    |         ---------------------------------------------------- the name `linear_velocity` in the value namespace is supposed to be publicly re-exported here
[INFO] [stdout] 
[INFO] [stdout] 
[INFO] [stdout] warning: private item shadows public glob re-export
[INFO] [stdout]   --> src/collider.rs:39:9
[INFO] [stdout]    |
[INFO] [stdout] 39 |         physics_controlled, physics_shape, rest_offset, rigid_actor, Physics,
[INFO] [stdout]    |         ^^^^^^^^^^^^^^^^^^ but the private item here shadows it
[INFO] [stdout] ...
[INFO] [stdout] 44 | pub use ambient_ecs::generated::components::core::physics::*;
[INFO] [stdout]    |         ---------------------------------------------------- the name `physics_controlled` in the value namespace is supposed to be publicly re-exported here
[INFO] [stdout] 
[INFO] [stdout] 
[INFO] [stdout] warning: private item shadows public glob re-export
[INFO] [stdout]   --> src/collider.rs:39:44
[INFO] [stdout]    |
[INFO] [stdout] 39 |         physics_controlled, physics_shape, rest_offset, rigid_actor, Physics,
[INFO] [stdout]    |                                            ^^^^^^^^^^^ but the private item here shadows it
[INFO] [stdout] ...
[INFO] [stdout] 44 | pub use ambient_ecs::generated::components::core::physics::*;
[INFO] [stdout]    |         ---------------------------------------------------- the name `rest_offset` in the value namespace is supposed to be publicly re-exported here
[INFO] [stdout] 
[INFO] [stdout] 
[INFO] [stdout] warning: private item shadows public glob re-export
[INFO] [stdout]   --> src/collider.rs:35:30
[INFO] [stdout]    |
[INFO] [stdout] 35 |     main_controller_manager, make_physics_static,
[INFO] [stdout]    |                              ^^^^^^^^^^^^^^^^^^^ but the private item here shadows it
[INFO] [stdout] ...
[INFO] [stdout] 44 | pub use ambient_ecs::generated::components::core::physics::*;
[INFO] [stdout]    |         ---------------------------------------------------- the name `make_physics_static` in the value namespace is supposed to be publicly re-exported here
[INFO] [stdout]    |
[INFO] [stdout]    = note: `#[warn(hidden_glob_reexports)]` on by default
[INFO] [stdout] 
[INFO] [stdout] 
[INFO] [stdout] warning: private item shadows public glob re-export
[INFO] [stdout]   --> src/collider.rs:38:9
[INFO] [stdout]    |
[INFO] [stdout] 38 |         angular_velocity, character_controller, contact_offset, linear_velocity, physics,
[INFO] [stdout]    |         ^^^^^^^^^^^^^^^^ but the private item here shadows it
[INFO] [stdout] ...
[INFO] [stdout] 44 | pub use ambient_ecs::generated::components::core::physics::*;
[INFO] [stdout]    |         ---------------------------------------------------- the name `angular_velocity` in the value namespace is supposed to be publicly re-exported here
[INFO] [stdout] 
[INFO] [stdout] 
[INFO] [stdout] warning: private item shadows public glob re-export
[INFO] [stdout]   --> src/collider.rs:38:49
[INFO] [stdout]    |
[INFO] [stdout] 38 |         angular_velocity, character_controller, contact_offset, linear_velocity, physics,
[INFO] [stdout]    |                                                 ^^^^^^^^^^^^^^ but the private item here shadows it
[INFO] [stdout] ...
[INFO] [stdout] 44 | pub use ambient_ecs::generated::components::core::physics::*;
[INFO] [stdout]    |         ---------------------------------------------------- the name `contact_offset` in the value namespace is supposed to be publicly re-exported here
[INFO] [stdout] 
[INFO] [stdout] 
[INFO] [stdout] warning: private item shadows public glob re-export
[INFO] [stdout]   --> src/collider.rs:38:65
[INFO] [stdout]    |
[INFO] [stdout] 38 |         angular_velocity, character_controller, contact_offset, linear_velocity, physics,
[INFO] [stdout]    |                                                                 ^^^^^^^^^^^^^^^ but the private item here shadows it
[INFO] [stdout] ...
[INFO] [stdout] 44 | pub use ambient_ecs::generated::components::core::physics::*;
[INFO] [stdout]    |         ---------------------------------------------------- the name `linear_velocity` in the value namespace is supposed to be publicly re-exported here
[INFO] [stdout] 
[INFO] [stdout] 
[INFO] [stdout] warning: private item shadows public glob re-export
[INFO] [stdout]   --> src/collider.rs:39:9
[INFO] [stdout]    |
[INFO] [stdout] 39 |         physics_controlled, physics_shape, rest_offset, rigid_actor, Physics,
[INFO] [stdout]    |         ^^^^^^^^^^^^^^^^^^ but the private item here shadows it
[INFO] [stdout] ...
[INFO] [stdout] 44 | pub use ambient_ecs::generated::components::core::physics::*;
[INFO] [stdout]    |         ---------------------------------------------------- the name `physics_controlled` in the value namespace is supposed to be publicly re-exported here
[INFO] [stdout] 
[INFO] [stdout] 
[INFO] [stdout] warning: private item shadows public glob re-export
[INFO] [stdout]   --> src/collider.rs:39:44
[INFO] [stdout]    |
[INFO] [stdout] 39 |         physics_controlled, physics_shape, rest_offset, rigid_actor, Physics,
[INFO] [stdout]    |                                            ^^^^^^^^^^^ but the private item here shadows it
[INFO] [stdout] ...
[INFO] [stdout] 44 | pub use ambient_ecs::generated::components::core::physics::*;
[INFO] [stdout]    |         ---------------------------------------------------- the name `rest_offset` in the value namespace is supposed to be publicly re-exported here
[INFO] [stdout] 
[INFO] [stdout] 
[INFO] [stdout] warning: variable does not need to be mutable
[INFO] [stdout]    --> src/lib.rs:185:5
[INFO] [stdout]     |
[INFO] [stdout] 185 |     mut info: *mut physxx::sys::FilterShaderCallbackInfo,
[INFO] [stdout]     |     ----^^^^
[INFO] [stdout]     |     |
[INFO] [stdout]     |     help: remove this `mut`
[INFO] [stdout]     |
[INFO] [stdout]     = note: `#[warn(unused_mut)]` on by default
[INFO] [stdout] 
[INFO] [stdout] 
[INFO] [stdout] warning: variable does not need to be mutable
[INFO] [stdout]    --> src/lib.rs:185:5
[INFO] [stdout]     |
[INFO] [stdout] 185 |     mut info: *mut physxx::sys::FilterShaderCallbackInfo,
[INFO] [stdout]     |     ----^^^^
[INFO] [stdout]     |     |
[INFO] [stdout]     |     help: remove this `mut`
[INFO] [stdout]     |
[INFO] [stdout]     = note: `#[warn(unused_mut)]` on by default
[INFO] [stdout] 
[INFO] [stdout] 
[INFO] [stdout] warning: 7 warnings emitted
[INFO] [stdout] 
[INFO] [stdout] 
[INFO] [stdout] warning: 7 warnings emitted
[INFO] [stdout] 
[INFO] [stdout] 
[INFO] [stdout] error[E0432]: unresolved import `ambient_app`
[INFO] [stdout]  --> examples/physics.rs:1:5
[INFO] [stdout]   |
[INFO] [stdout] 1 | use ambient_app::{gpu, AppBuilder};
[INFO] [stdout]   |     ^^^^^^^^^^^ use of undeclared crate or module `ambient_app`
[INFO] [stdout]   |
[INFO] [stdout] help: there is a crate or module with a similar name
[INFO] [stdout]   |
[INFO] [stdout] 1 | use ambient_ecs::{gpu, AppBuilder};
[INFO] [stdout]   |     ~~~~~~~~~~~
[INFO] [stdout] 
[INFO] [stdout] 
[INFO] [stdout] error[E0432]: unresolved import `ambient_element`
[INFO] [stdout]  --> examples/physics.rs:4:5
[INFO] [stdout]   |
[INFO] [stdout] 4 | use ambient_element::ElementComponentExt;
[INFO] [stdout]   |     ^^^^^^^^^^^^^^^ use of undeclared crate or module `ambient_element`
[INFO] [stdout] 
[INFO] [stdout] 
[INFO] [stdout] error[E0432]: unresolved import `ambient_renderer`
[INFO] [stdout]  --> examples/physics.rs:7:5
[INFO] [stdout]   |
[INFO] [stdout] 7 | use ambient_renderer::color;
[INFO] [stdout]   |     ^^^^^^^^^^^^^^^^ use of undeclared crate or module `ambient_renderer`
[INFO] [stdout] 
[INFO] [stdout] 
[INFO] [stdout] error[E0433]: failed to resolve: use of undeclared crate or module `ambient_cameras`
[INFO] [stdout]   --> examples/physics.rs:46:5
[INFO] [stdout]    |
[INFO] [stdout] 46 |     ambient_cameras::spherical::new(vec3(0., 0., 0.), SphericalCoords::new(std::f32::consts::PI / 4., std::f32::consts::PI / 4., 5.))
[INFO] [stdout]    |     ^^^^^^^^^^^^^^^ use of undeclared crate or module `ambient_cameras`
[INFO] [stdout]    |
[INFO] [stdout] help: there is a crate or module with a similar name
[INFO] [stdout]    |
[INFO] [stdout] 46 |     ambient_core::spherical::new(vec3(0., 0., 0.), SphericalCoords::new(std::f32::consts::PI / 4., std::f32::consts::PI / 4., 5.))
[INFO] [stdout]    |     ~~~~~~~~~~~~
[INFO] [stdout] 
[INFO] [stdout] 
[INFO] [stdout] error[E0599]: no method named `el` found for struct `Quad` in the current scope
[INFO] [stdout]    --> examples/physics.rs:30:10
[INFO] [stdout]     |
[INFO] [stdout] 30  |     Quad.el().with(scale(), Vec3::ONE * 40.).with(color(), vec4(0.5, 0.5, 0.5, 1.)).with(rigid_static(), ground_static).spawn_static(world);
[INFO] [stdout]     |          ^^ method not found in `Quad`
[INFO] [stdout]     |
[INFO] [stdout]    ::: /opt/rustwide/cargo-home/registry/src/index.crates.io-6f17d22bba15001f/ambient_element-0.2.1/src/lib.rs:115:8
[INFO] [stdout]     |
[INFO] [stdout] 115 |     fn el(self) -> Element;
[INFO] [stdout]     |        -- the method is available for `Quad` here
[INFO] [stdout]     |
[INFO] [stdout]     = help: items from traits can only be used if the trait is in scope
[INFO] [stdout] help: the following trait is implemented but not in scope; perhaps add a `use` for it:
[INFO] [stdout]     |
[INFO] [stdout] 1   + use ambient_element::ElementComponentExt;
[INFO] [stdout]     |
[INFO] [stdout] 
[INFO] [stdout] 
[INFO] [stdout] error[E0599]: no method named `el` found for struct `Cube` in the current scope
[INFO] [stdout]    --> examples/physics.rs:43:14
[INFO] [stdout]     |
[INFO] [stdout] 43  |         Cube.el().with(rigid_dynamic(), actor).with_default(physics_controlled()).spawn_static(world);
[INFO] [stdout]     |              ^^ method not found in `Cube`
[INFO] [stdout]     |
[INFO] [stdout]    ::: /opt/rustwide/cargo-home/registry/src/index.crates.io-6f17d22bba15001f/ambient_element-0.2.1/src/lib.rs:115:8
[INFO] [stdout]     |
[INFO] [stdout] 115 |     fn el(self) -> Element;
[INFO] [stdout]     |        -- the method is available for `Cube` here
[INFO] [stdout]     |
[INFO] [stdout]     = help: items from traits can only be used if the trait is in scope
[INFO] [stdout] help: the following trait is implemented but not in scope; perhaps add a `use` for it:
[INFO] [stdout]     |
[INFO] [stdout] 1   + use ambient_element::ElementComponentExt;
[INFO] [stdout]     |
[INFO] [stdout] 
[INFO] [stdout] 
[INFO] [stdout] error: aborting due to 6 previous errors
[INFO] [stdout] 
[INFO] [stdout] 
[INFO] [stdout] Some errors have detailed explanations: E0432, E0433, E0599.
[INFO] [stdout] 
[INFO] [stdout] For more information about an error, try `rustc --explain E0432`.
[INFO] [stdout] 
[INFO] [stderr] error: could not compile `ambient_physics` (example "physics") due to 7 previous errors
[INFO] running `Command { std: "docker" "inspect" "059077e324cfd6043e22ce28348b1db94b4d4dc4e56130df9e1835431bc14f50", kill_on_drop: false }`
[INFO] running `Command { std: "docker" "rm" "-f" "059077e324cfd6043e22ce28348b1db94b4d4dc4e56130df9e1835431bc14f50", kill_on_drop: false }`
[INFO] [stdout] 059077e324cfd6043e22ce28348b1db94b4d4dc4e56130df9e1835431bc14f50
